{"id":2,"date":"2019-04-13T20:31:40","date_gmt":"2019-04-13T18:31:40","guid":{"rendered":"https:\/\/bildungszentrumhard.at\/?page_id=2"},"modified":"2024-10-13T17:38:28","modified_gmt":"2024-10-13T15:38:28","slug":"anfahrtswegbeschreibung","status":"publish","type":"page","link":"https:\/\/bildungszentrumhard.at\/?page_id=2","title":{"rendered":"Anfahrtswegbeschreibung"},"content":{"rendered":"\n<p>Bildungszentrum Hard<br>Landstra\u00dfe 36, 6971 Hard, Vorarlberg \u00d6sterreuch<br>Telefon\/Telefax: 05574-731 34 oder 0043-5574-731 34<br>Homepage: bildungszentrumhard.at<br>E-Mail: verein@bildungszentrumhard.at<br>IBAN: AT47 3743 1000 1003 5541 \/ BIC: RVVG AT2B 431<\/p>\n\n\n\n<p>Sie k\u00f6nnen uns gut mit \u00f6ffentlichen Verkehrsmitteln erreichen. Die n\u00e4chstgelegenen Haltestellen sind:<br>\u2013 mit dem Bus die Haltestellen \u00abGasthaus Sternen\u00bb  (200 m) oder \u00abBr\u00fcckenwaage\u00bb (400 m)<br>\u2013 mit dem Zug die Haltestelle \u00abHard-Fu\u00dfach\u00bb (800 m)  <br>Das Bildungszentrum Hard ist ein ortsans\u00e4\u00dfiger gemeinn\u00fctziger Verein. <\/p>\n\n\n\n<figure class=\"wp-block-image size-full\"><img loading=\"lazy\" decoding=\"async\" width=\"449\" height=\"322\" src=\"https:\/\/bildungszentrumhard.at\/wp-content\/uploads\/2022\/10\/Anfahrtsskizze.jpg\" alt=\"\" class=\"wp-image-447\" srcset=\"https:\/\/bildungszentrumhard.at\/wp-content\/uploads\/2022\/10\/Anfahrtsskizze.jpg 449w, https:\/\/bildungszentrumhard.at\/wp-content\/uploads\/2022\/10\/Anfahrtsskizze-300x215.jpg 300w\" sizes=\"auto, (max-width: 449px) 100vw, 449px\" \/><\/figure>\n\n\n\n<div class=\"wp-block-file\"><a id=\"wp-block-file--media-572b1422-7fb8-4694-a315-6613d4ed594a\" href=\"https:\/\/bildungszentrumhard.at\/wp-content\/uploads\/2022\/10\/QV_2022-09-15_1000_AnfahrtswegBeschreib.pdf\">PDF-Datei zum Drucken<\/a><a href=\"https:\/\/bildungszentrumhard.at\/wp-content\/uploads\/2022\/10\/QV_2022-09-15_1000_AnfahrtswegBeschreib.pdf\" class=\"wp-block-file__button wp-element-button\" download aria-describedby=\"wp-block-file--media-572b1422-7fb8-4694-a315-6613d4ed594a\">Herunterladen<\/a><\/div>\n\n\n\n<p><\/p>\n","protected":false},"excerpt":{"rendered":"<p>Bildungszentrum HardLandstra\u00dfe 36, 6971 Hard, Vorarlberg \u00d6sterreuchTelefon\/Telefax: 05574-731 34 oder 0043-5574-731 34Homepage: bildungszentrumhard.atE-Mail: verein@bildungszentrumhard.atIBAN: AT47 3743 1000 1003 5541 \/ BIC: RVVG AT2B 431 Sie k\u00f6nnen uns gut mit \u00f6ffentlichen Verkehrsmitteln erreichen. Die n\u00e4chstgelegenen Haltestellen sind:\u2013 mit dem Bus die Haltestellen \u00abGasthaus Sternen\u00bb (200 m) oder \u00abBr\u00fcckenwaage\u00bb (400 m)\u2013 mit dem Zug die Haltestelle \u00abHard-Fu\u00dfach\u00bb &hellip; <\/p>\n<p class=\"link-more\"><a href=\"https:\/\/bildungszentrumhard.at\/?page_id=2\" class=\"more-link\"><span class=\"screen-reader-text\">\u201eAnfahrtswegbeschreibung\u201c<\/span> weiterlesen<\/a><\/p>\n","protected":false},"author":1,"featured_media":0,"parent":0,"menu_order":0,"comment_status":"closed","ping_status":"closed","template":"","meta":{"footnotes":""},"class_list":["post-2","page","type-page","status-publish","hentry"],"_links":{"self":[{"href":"https:\/\/bildungszentrumhard.at\/index.php?rest_route=\/wp\/v2\/pages\/2","targetHints":{"allow":["GET"]}}],"collection":[{"href":"https:\/\/bildungszentrumhard.at\/index.php?rest_route=\/wp\/v2\/pages"}],"about":[{"href":"https:\/\/bildungszentrumhard.at\/index.php?rest_route=\/wp\/v2\/types\/page"}],"author":[{"embeddable":true,"href":"https:\/\/bildungszentrumhard.at\/index.php?rest_route=\/wp\/v2\/users\/1"}],"replies":[{"embeddable":true,"href":"https:\/\/bildungszentrumhard.at\/index.php?rest_route=%2Fwp%2Fv2%2Fcomments&post=2"}],"version-history":[{"count":12,"href":"https:\/\/bildungszentrumhard.at\/index.php?rest_route=\/wp\/v2\/pages\/2\/revisions"}],"predecessor-version":[{"id":607,"href":"https:\/\/bildungszentrumhard.at\/index.php?rest_route=\/wp\/v2\/pages\/2\/revisions\/607"}],"wp:attachment":[{"href":"https:\/\/bildungszentrumhard.at\/index.php?rest_route=%2Fwp%2Fv2%2Fmedia&parent=2"}],"curies":[{"name":"wp","href":"https:\/\/api.w.org\/{rel}","templated":true}]}}